 + -1961. What is the remainder when p is divided by 34?
31
Suppose 623 = 6*n + 1637. Let h = -125 - n. What is the remainder when 87 is divided by h?
43
Let v = -294 + 428. Suppose -3*n - v = -146. Let t = -12 - -18. What is the remainder when t is divided by n?
2
Suppose j = 4*b + 1001 + 696, 0 = 4*b + 3*j + 1693. Let m = b + 426. What is the remainder when 72 is divided by m?
0
Let a = 61 - 36. What is the remainder when (3/6 + -2)*(-30 - (-32)/4) is divided by a?
8
Let t(v) = 40*v - 73. What is the remainder when t(22) is divided by 163?
155
Suppose 0 = -3*l - 0*w + 6*w + 564, -l - w + 203 = 0. Calculate the remainder when 212 is divided by l.
14
Let g be 4*(36/(-8) - -5)*-2. Let m = g + 13. Suppose -3*j + 5*j = -2*q + 62, -4*q + 122 = 5*j. What is the remainder when q is divided by m?
6
Suppose -44 = 3*p + a, 2*p - 5*a - 14 = -32. Let h = p - -237. What is the remainder when h is divided by 45?
43
Suppose 18*w = 4*m + 13*w - 42667, 4*m - 42687 = w. Calculate the remainder when m is divided by 34.
31
Suppose 4*m - 114 = -5*t, -m + 360 - 351 = -2*t. What is the remainder when 2070 is divided by m?
12
Let v = 16 - -64. Suppose 4*f + 3*q = 47, -2*q - 11 = -f - 3*q. Let t(o) = o + 7. Calculate the remainder when v is divided by t(f).
17
Suppose 96 = -5*s + 13*s. Suppose o - 3*u - 40 = 0, -4*u - s = 8. Calculate the remainder when o is divided by 12.
1
Let r = 3946 - -9040. What is the remainder when r is divided by 34?
32
Suppose 4*o - 42 = -h, -2*h = -374*o + 372*o - 24. Calculate the remainder when 5628 is divided by h.
12
Let g(t) be the third derivative of 41*t**4/24 - 37*t**3/6 - 2*t**2 - 5*t. Calculate the remainder when g(9) is divided by 67.
64
Let h(g) = -21*g**2 - 217*g + 45. Calculate the remainder when 266 is divided by h(-10).
36
Suppose -10 = -5*f, 3*n - 4*f = f + 197. Suppose 0 = 19*h - 273 - n. What is the remainder when h is divided by 7?
4
Let y(z) = z**3 - 9*z**2 + 4*z - 28. Let k be y(8). Let j = 69 + k. Calculate the remainder when 188 is divided by j.
8
Let i(d) = -d**3 + 8*d**2 + 9*d - 7. Let h be (0 + -12)*7/(14/(-4)). Suppose 20*b - 19*b = h. Calculate the remainder when i(8) is divided by b.
17
Let y = 639 + 183. What is the remainder when y is divided by 266?
24
Suppose x - 3*a = 30, -5*x - 52*a = -48*a - 245. What is the remainder when 70 is divided by (25/x)/5 - 402/(-27)?
10
Suppose 4*n - c - 1276 = c, 4*c - 1582 = -5*n. Calculate the remainder when 967 is divided by n.
13
Suppose 30 = 5*z - 5. Suppose 3*k + 6*p = 105, -108*k + 88 = -106*k + 2*p. What is the remainder when k is divided by z?
4
Let u(j) = -j**2 - 7*j + 12. Let h be u(-8). Let d(x) = -x**3 + 8*x**2 + x - 11. Let n be d(h). Let o = 68 - n. What is the remainder when 29 is divided by o?
7
Suppose 10*m = 5*m + w + 26, 2*m - 32 = -5*w. Calculate the remainder when 34 is divided by (-468)/26*(-4)/m.
10
Suppose 5*z - 281 = 5*u - 101, -104 = -3*z + u. Calculate the remainder when 2/3 - 130/(-3) is divided by z.
10
Suppose 0 = 3*f - 8*b + 47, 3*b = -0*b + 35 - 5. What is the remainder when (-1)/1 + 0 + 22 is divided by f?
10
Suppose 28*z - 544 = -6*z. Suppose 2*a + 2*k = 22, -3*a - 2*k + 46 - z = 0. What is the remainder when 18 is divided by a?
2
Let t(q) = -273*q - 1313. What is the remainder when 3171 is divided by t(-5)?
51
Let c be (-5360)/(-56) - 4/(-14). Suppose -9*a + 12*a - c = 0. Suppose 9*r + 588 = 1416. Calculate the remainder when r is divided by a.
28
Calculate the remainder when (-10 + 14)*(-5415)/(-20) is divided by 81.
30
Suppose 4*o - 16 = -4*q, -3*q + 13 = -4*o + 1. Suppose z = -0*z + q, 3*m - 3*z = -3. Suppose -48 = -m*y + y. Calculate the remainder when y is divided by 7.
3
Let u be (-3)/(-12) - (-46)/8*5. Suppose 0 = 4*j - q - u, 2*q + 19 = -j - 3*q. Calculate the remainder when 26 is divided by j*5/25*5.
2
What is the remainder when 87 is divided by 3*-1 + (-13 - 344/(-8))?
6
Suppose 217 = 5*f - 5*i - 378, -3*f + 5*i + 361 = 0. Let g = -93 + f. Calculate the remainder when (g/10)/((-6)/(-40)) is divided by 10.
6
Let n(q) = -69*q**3 + 4*q**2 + 22*q + 19. Calculate the remainder when 760 is divided by n(-1).
60
What is the remainder when 3736 is divided by (-996)/(-102) - (-28)/119?
6
Suppose -56 = -5*g - 4*q, 9*g = 4*g - 5*q + 55. Let t(r) = -r**3 + r + 275. What is the remainder when t(0) is divided by g?
11
Calculate the remainder when 5 + (3 - -148) + -2 is divided by 2/7 + ((-897)/(-21) - 3).
34
Let t = 943 + -914. Suppose 3*b + 3*k - 2665 = t, -4*k - 3592 = -4*b. What is the remainder when b is divided by 75?
73
Let g = 2411 - 2326. Calculate the remainder when 256 is divided by g.
1
Let o be ((-1212)/(-20))/((-5)/(-25)). Suppose 0 = -7*r + o - 16. What is the remainder when r is divided by 11?
8
Let t(j) = 91*j**2 + 2*j - 2. Calculate the remainder when t(-2) is divided by -19*(-1)/1 - (-87 - -86 - -2).
16
Let s = 9835 + -9739. What is the remainder when 16511 is divided by s?
95
Let n be ((-2135)/(-14) - 7)/((-6)/(-4)). Let o = n + -95. Suppose 5*s + 3*m = 179, s - 43 = -o*m + 5*m. Calculate the remainder when s is divided by 7.
2
Suppose -2*h = -6*h - 3*j - 1169, -3*j = -5*h - 1468. Let f = h + 324. What is the remainder when 132 is divided by f?
8
Let g be 3 + (-2 + 0 - -7). Suppose 0 = -g*t + 79 + 1. Calculate the remainder when 37 is divided by t.
7
Suppose -11*h + 214 = -3779. What is the remainder when h is divided by 5?
3
Suppose 3*b + 4*t - 13303 = 0, 0 = -79*b + 81*b - 4*t - 8842. Let r = b + -2866. What is the remainder when r is divided by 27?
24
Let x = 10866 + -10432. Calculate the remainder when x is divided by 137.
23
Let g be 3*4/(-4) + 5. Suppose 5*x = -g*i + 10, -11*x + 12*x - 41 = -3*i. What is the remainder when 748 is divided by i?
13
Let o = -930 - -630. Let z = -232 - o. What is the remainder when z is divided by 7?
5
Suppose -5*t - 2*g + 961 = 0, -5*t - g + 5*g + 943 = 0. Suppose 7*p + t = 380. What is the remainder when 510 is divided by p?
24
What is the remainder when 1320 is divided by 2364/16 + 152/(-228)*(-18)/(-16)?
144
Let g = -79 + 79. Suppose g = 2*h - 7*h + 10. Let c = -3 - -14. What is the remainder when c is divided by h?
1
Let o = -13 + 18. Suppose 92 = 2*q - 2*g - 36, 3*q = -2*g + 192. What is the remainder when q is divided by o?
4
Suppose 0 = 39*q - 1217 + 125. What is the remainder when q is divided by 9?
1
Let h(c) = 21*c + 3298. Calculate the remainder when h(-42) is divided by 59.
56
Suppose 13*q - 112 = 12*q. Let y = -577 + 597. Calculate the remainder when q is divided by y.
12
Let n(t) = 86*t + 1982. Let w = -5 - 5. Calculate the remainder when (12/w)/(10/(-75)) is divided by n(-23).
1
Suppose -2422*z = -2421*z - 123. Calculate the remainder when z is divided by 18.
15
Let q = 6453 + -6143. What is the remainder when q is divided by 61?
5
Suppose 2*v + 2*v = 248. Let s be (-13)/(39/(-6)) - -5. Suppose -5*t + v = s. Calculate the remainder when 40 is divided by t.
7
Let u(k) = -k**2 - 12*k + 4. Let a be u(-12). Suppose -196 = -a*p - 120. Let q(j) = -8*j - 31. Calculate the remainder when q(-13) is divided by p.
16
Let b be (-8206)/(-99) - (-1)/9. Suppose -b = 57*s - 58*s. Calculate the remainder when s is divided by 28.
27
Let p(b) = 4*b - 115. Let s be p(27). Let g(x) = -x**3 - 6*x**2 + 5*x - 9. Calculate the remainder when g(s) is divided by ((-4)/10)/(2/(-10)).
1
Let k(m) = -6*m + 54. Let c = -39 + 48. Suppose 26 = 2*x - 4*q, -2*x + 2*q + c = -11. Calculate the remainder when k(7) is divided by x.
5
Let a(d) = -d**3 - 7*d**2 + 21*d + 54. Calculate the remainder when a(-13) is divided by 16.
11
Let k(o) = 4*o**3 - 10*o**2 - o - 48. Let c be k(6). Suppose -c = 43*f - 58*f. What is the remainder when 85 is divided by f?
25
Let n(t) = 3*t**2 + 271*t - 1404. Let k = -72 - -225. What is the remainder when k is divided by n(5)?
23
Let j = -8 - -34. Let n be (-8 - -4)*j/(-4). Suppose 0 = 2*r + u - n, -3*r + 5*u = -2*r - 24. Calculate the remainder when 53 is divided by r.
11
Suppose -99 = -a - 22. Let i(w) = -w**3 - 25*w**2 + 28*w + 50. Let h be i(-26). What is the remainder when a is divided by 14 + 12 - (1 + h)?
23
Let s(m) = m + 1. Let c(a) = -16*a**2 + 3*a + 11. Let z(d) = -c(d) + s(d). Calculate the remainder when z(-3) is divided by 29.
24
Calculate the remainder when 58 + -48